{"id":119,"date":"2014-03-12T20:22:52","date_gmt":"2014-03-12T20:22:52","guid":{"rendered":"http:\/\/venneravlife.no\/?page_id=119"},"modified":"2022-12-26T01:38:24","modified_gmt":"2022-12-26T00:38:24","slug":"om-skolen","status":"publish","type":"page","link":"https:\/\/venneravlife.no\/?page_id=119","title":{"rendered":"Om skolen"},"content":{"rendered":"<p>F\u00f8rskolen v\u00e5r, Rex Nursery School gir l\u00e6ring til 300 barn i alderen 4-6 \u00e5r. Deretter st\u00f8tter vi barna \u00f8konomisk i ytterligere fire \u00e5r mens de g\u00e5r p\u00e5 en statlig barneskole (alle gambiske skoler tar skolepenger). Totalt bidrar vi til en god utdanning for 800 gambiske barn \u00e5rlig. LIFE st\u00e5r for Literate Instruction For Everyone, og filosofien v\u00e5r er enkel: Vi vil l\u00e6re barn \u00e5 lese og skrive.<\/p>\n<p>Engelsk er det offisielle spr\u00e5ket i Gambia, men i dagliglivet snakkes det mange forskjellige stammespr\u00e5k. Ved \u00e5 starte engelskundervisning allerede p\u00e5 f\u00f8rskoleniv\u00e5 st\u00e5r barna bedre rustet til \u00e5 f\u00f8lge undervisningen i den offentlige skolen.<\/p>\n<h3>Rex Nursery School<\/h3>\n<p>F\u00f8rskolen v\u00e5r, Rex Nursery School har tre klassetrinn. I hvert trinn er det 3 klasser. Barna er i alderen 4-6 \u00e5r. I tillegg har vi yrkesskole for ungdom i s\u00f8m\/home economics. Antall elever her varierer.<\/p>\n<p>Foreningen eier fem skolebygninger, hvorav den ene har to utleieleiligheter i annen etasje. I tillegg til undervisning f\u00e5r store og sm\u00e5 barn et varmt m\u00e5ltid om dagen. P\u00e5 l\u00f8nningslisten har vi&nbsp; en rektor, en nestleder, en sekret\u00e6r, fjorten l\u00e6rere, en hjelpel\u00e6rer, tre kokker, to nattevakter, en sykepleier, en renholder og to vaktmestere \u2013 alle gambiere.<\/p>\n<div id='gallery-1' class='czr-gallery row flex-row czr-gallery-style gallery galleryid-119 gallery-columns-3 gallery-size-large'><figure class='gallery-item col col-auto'>\r\n                        <div class='gallery-icon landscape czr-gallery-icon'>\r\n                              <a href=https:\/\/venneravlife.no\/?attachment_id=1000 class=\"bg-link\"><\/a><img loading=\"lazy\" decoding=\"async\" width=\"1024\" height=\"683\" src=\"https:\/\/venneravlife.no\/wp-content\/uploads\/2018\/12\/28942538_10215913827381391_1008448174_o-1024x683.jpg\" class=\"attachment-large size-large\" alt=\"\" sizes=\"auto, (min-width: 1200px) 350px, (min-width: 992px) 290px, (min-width: 768px) 210px, (min-width: 576px) 150px, calc( 50vw - 30px )\" srcset=\"https:\/\/venneravlife.no\/wp-content\/uploads\/2018\/12\/28942538_10215913827381391_1008448174_o-1024x683.jpg 1024w, https:\/\/venneravlife.no\/wp-content\/uploads\/2018\/12\/28942538_10215913827381391_1008448174_o-300x200.jpg 300w, https:\/\/venneravlife.no\/wp-content\/uploads\/2018\/12\/28942538_10215913827381391_1008448174_o-768x512.jpg 768w\" \/><div class=\"post-action btn btn-skin-dark-shaded inverted\"><a href=\"https:\/\/venneravlife.no\/wp-content\/uploads\/2018\/12\/28942538_10215913827381391_1008448174_o.jpg\" class=\"icn-expand\" data-lb-type=\"grouped-gallery\"><\/a><\/div>\r\n                        <\/div><\/figure><figure class='gallery-item col col-auto'>\r\n                        <div class='gallery-icon landscape czr-gallery-icon'>\r\n                              <a href=https:\/\/venneravlife.no\/?attachment_id=1002 class=\"bg-link\"><\/a><img loading=\"lazy\" decoding=\"async\" width=\"1024\" height=\"683\" src=\"https:\/\/venneravlife.no\/wp-content\/uploads\/2018\/12\/28942616_10215913819021182_1338663806_o-1024x683.jpg\" class=\"attachment-large size-large\" alt=\"\" sizes=\"auto, (min-width: 1200px) 350px, (min-width: 992px) 290px, (min-width: 768px) 210px, (min-width: 576px) 150px, calc( 50vw - 30px )\" srcset=\"https:\/\/venneravlife.no\/wp-content\/uploads\/2018\/12\/28942616_10215913819021182_1338663806_o-1024x683.jpg 1024w, https:\/\/venneravlife.no\/wp-content\/uploads\/2018\/12\/28942616_10215913819021182_1338663806_o-300x200.jpg 300w, https:\/\/venneravlife.no\/wp-content\/uploads\/2018\/12\/28942616_10215913819021182_1338663806_o-768x512.jpg 768w\" \/><div class=\"post-action btn btn-skin-dark-shaded inverted\"><a href=\"https:\/\/venneravlife.no\/wp-content\/uploads\/2018\/12\/28942616_10215913819021182_1338663806_o.jpg\" class=\"icn-expand\" data-lb-type=\"grouped-gallery\"><\/a><\/div>\r\n                        <\/div><\/figure><figure class='gallery-item col col-auto'>\r\n                        <div class='gallery-icon landscape czr-gallery-icon'>\r\n                              <a href=https:\/\/venneravlife.no\/?attachment_id=1003 class=\"bg-link\"><\/a><img loading=\"lazy\" decoding=\"async\" width=\"1024\" height=\"683\" src=\"https:\/\/venneravlife.no\/wp-content\/uploads\/2018\/12\/28942951_10215913849221937_2112819478_o-1024x683.jpg\" class=\"attachment-large size-large\" alt=\"\" sizes=\"auto, (min-width: 1200px) 350px, (min-width: 992px) 290px, (min-width: 768px) 210px, (min-width: 576px) 150px, calc( 50vw - 30px )\" srcset=\"https:\/\/venneravlife.no\/wp-content\/uploads\/2018\/12\/28942951_10215913849221937_2112819478_o-1024x683.jpg 1024w, https:\/\/venneravlife.no\/wp-content\/uploads\/2018\/12\/28942951_10215913849221937_2112819478_o-300x200.jpg 300w, https:\/\/venneravlife.no\/wp-content\/uploads\/2018\/12\/28942951_10215913849221937_2112819478_o-768x512.jpg 768w\" \/><div class=\"post-action btn btn-skin-dark-shaded inverted\"><a href=\"https:\/\/venneravlife.no\/wp-content\/uploads\/2018\/12\/28942951_10215913849221937_2112819478_o.jpg\" class=\"icn-expand\" data-lb-type=\"grouped-gallery\"><\/a><\/div>\r\n                        <\/div><\/figure><figure class='gallery-item col col-auto'>\r\n                        <div class='gallery-icon landscape czr-gallery-icon'>\r\n                              <a href=https:\/\/venneravlife.no\/?attachment_id=1004 class=\"bg-link\"><\/a><img loading=\"lazy\" decoding=\"async\" width=\"1024\" height=\"683\" src=\"https:\/\/venneravlife.no\/wp-content\/uploads\/2018\/12\/28943899_10215913863742300_684205811_o-1024x683.jpg\" class=\"attachment-large size-large\" alt=\"\" sizes=\"auto, (min-width: 1200px) 350px, (min-width: 992px) 290px, (min-width: 768px) 210px, (min-width: 576px) 150px, calc( 50vw - 30px )\" srcset=\"https:\/\/venneravlife.no\/wp-content\/uploads\/2018\/12\/28943899_10215913863742300_684205811_o-1024x683.jpg 1024w, https:\/\/venneravlife.no\/wp-content\/uploads\/2018\/12\/28943899_10215913863742300_684205811_o-300x200.jpg 300w, https:\/\/venneravlife.no\/wp-content\/uploads\/2018\/12\/28943899_10215913863742300_684205811_o-768x512.jpg 768w\" \/><div class=\"post-action btn btn-skin-dark-shaded inverted\"><a href=\"https:\/\/venneravlife.no\/wp-content\/uploads\/2018\/12\/28943899_10215913863742300_684205811_o.jpg\" class=\"icn-expand\" data-lb-type=\"grouped-gallery\"><\/a><\/div>\r\n                        <\/div><\/figure><figure class='gallery-item col col-auto'>\r\n                        <div class='gallery-icon landscape czr-gallery-icon'>\r\n                              <a href=https:\/\/venneravlife.no\/?attachment_id=1005 class=\"bg-link\"><\/a><img loading=\"lazy\" decoding=\"async\" width=\"1024\" height=\"683\" src=\"https:\/\/venneravlife.no\/wp-content\/uploads\/2018\/12\/28943956_10215913849261938_1088605316_o-1024x683.jpg\" class=\"attachment-large size-large\" alt=\"\" sizes=\"auto, (min-width: 1200px) 350px, (min-width: 992px) 290px, (min-width: 768px) 210px, (min-width: 576px) 150px, calc( 50vw - 30px )\" srcset=\"https:\/\/venneravlife.no\/wp-content\/uploads\/2018\/12\/28943956_10215913849261938_1088605316_o-1024x683.jpg 1024w, https:\/\/venneravlife.no\/wp-content\/uploads\/2018\/12\/28943956_10215913849261938_1088605316_o-300x200.jpg 300w, https:\/\/venneravlife.no\/wp-content\/uploads\/2018\/12\/28943956_10215913849261938_1088605316_o-768x512.jpg 768w\" \/><div class=\"post-action btn btn-skin-dark-shaded inverted\"><a href=\"https:\/\/venneravlife.no\/wp-content\/uploads\/2018\/12\/28943956_10215913849261938_1088605316_o.jpg\" class=\"icn-expand\" data-lb-type=\"grouped-gallery\"><\/a><\/div>\r\n                        <\/div><\/figure><figure class='gallery-item col col-auto'>\r\n                        <div class='gallery-icon landscape czr-gallery-icon'>\r\n                              <a href=https:\/\/venneravlife.no\/?attachment_id=1006 class=\"bg-link\"><\/a><img loading=\"lazy\" decoding=\"async\" width=\"1024\" height=\"722\" src=\"https:\/\/venneravlife.no\/wp-content\/uploads\/2018\/12\/28946380_10215913840301714_1577390257_o-1024x722.jpg\" class=\"attachment-large size-large\" alt=\"\" sizes=\"auto, (min-width: 1200px) 350px, (min-width: 992px) 290px, (min-width: 768px) 210px, (min-width: 576px) 150px, calc( 50vw - 30px )\" srcset=\"https:\/\/venneravlife.no\/wp-content\/uploads\/2018\/12\/28946380_10215913840301714_1577390257_o-1024x722.jpg 1024w, https:\/\/venneravlife.no\/wp-content\/uploads\/2018\/12\/28946380_10215913840301714_1577390257_o-300x212.jpg 300w, https:\/\/venneravlife.no\/wp-content\/uploads\/2018\/12\/28946380_10215913840301714_1577390257_o-768x542.jpg 768w\" \/><div class=\"post-action btn btn-skin-dark-shaded inverted\"><a href=\"https:\/\/venneravlife.no\/wp-content\/uploads\/2018\/12\/28946380_10215913840301714_1577390257_o.jpg\" class=\"icn-expand\" data-lb-type=\"grouped-gallery\"><\/a><\/div>\r\n                        <\/div><\/figure><figure class='gallery-item col col-auto'>\r\n                        <div class='gallery-icon landscape czr-gallery-icon'>\r\n                              <a href=https:\/\/venneravlife.no\/?attachment_id=1007 class=\"bg-link\"><\/a><img loading=\"lazy\" decoding=\"async\" width=\"1024\" height=\"683\" src=\"https:\/\/venneravlife.no\/wp-content\/uploads\/2018\/12\/28928744_10215913818741175_1566348604_o-1024x683.jpg\" class=\"attachment-large size-large\" alt=\"\" sizes=\"auto, (min-width: 1200px) 350px, (min-width: 992px) 290px, (min-width: 768px) 210px, (min-width: 576px) 150px, calc( 50vw - 30px )\" srcset=\"https:\/\/venneravlife.no\/wp-content\/uploads\/2018\/12\/28928744_10215913818741175_1566348604_o-1024x683.jpg 1024w, https:\/\/venneravlife.no\/wp-content\/uploads\/2018\/12\/28928744_10215913818741175_1566348604_o-300x200.jpg 300w, https:\/\/venneravlife.no\/wp-content\/uploads\/2018\/12\/28928744_10215913818741175_1566348604_o-768x512.jpg 768w\" \/><div class=\"post-action btn btn-skin-dark-shaded inverted\"><a href=\"https:\/\/venneravlife.no\/wp-content\/uploads\/2018\/12\/28928744_10215913818741175_1566348604_o.jpg\" class=\"icn-expand\" data-lb-type=\"grouped-gallery\"><\/a><\/div>\r\n                        <\/div><\/figure><figure class='gallery-item col col-auto'>\r\n                        <div class='gallery-icon landscape czr-gallery-icon'>\r\n                              <a href=https:\/\/venneravlife.no\/?attachment_id=1008 class=\"bg-link\"><\/a><img loading=\"lazy\" decoding=\"async\" width=\"1024\" height=\"683\" src=\"https:\/\/venneravlife.no\/wp-content\/uploads\/2018\/12\/28938534_10215913863822302_2129529760_o-1024x683.jpg\" class=\"attachment-large size-large\" alt=\"\" sizes=\"auto, (min-width: 1200px) 350px, (min-width: 992px) 290px, (min-width: 768px) 210px, (min-width: 576px) 150px, calc( 50vw - 30px )\" srcset=\"https:\/\/venneravlife.no\/wp-content\/uploads\/2018\/12\/28938534_10215913863822302_2129529760_o-1024x683.jpg 1024w, https:\/\/venneravlife.no\/wp-content\/uploads\/2018\/12\/28938534_10215913863822302_2129529760_o-300x200.jpg 300w, https:\/\/venneravlife.no\/wp-content\/uploads\/2018\/12\/28938534_10215913863822302_2129529760_o-768x512.jpg 768w\" \/><div class=\"post-action btn btn-skin-dark-shaded inverted\"><a href=\"https:\/\/venneravlife.no\/wp-content\/uploads\/2018\/12\/28938534_10215913863822302_2129529760_o.jpg\" class=\"icn-expand\" data-lb-type=\"grouped-gallery\"><\/a><\/div>\r\n                        <\/div><\/figure><figure class='gallery-item col col-auto'>\r\n                        <div class='gallery-icon landscape czr-gallery-icon'>\r\n                              <a href=https:\/\/venneravlife.no\/?attachment_id=1009 class=\"bg-link\"><\/a><img loading=\"lazy\" decoding=\"async\" width=\"1024\" height=\"683\" src=\"https:\/\/venneravlife.no\/wp-content\/uploads\/2018\/12\/28939277_10215913818701174_1192848747_o-1024x683.jpg\" class=\"attachment-large size-large\" alt=\"\" sizes=\"auto, (min-width: 1200px) 350px, (min-width: 992px) 290px, (min-width: 768px) 210px, (min-width: 576px) 150px, calc( 50vw - 30px )\" srcset=\"https:\/\/venneravlife.no\/wp-content\/uploads\/2018\/12\/28939277_10215913818701174_1192848747_o-1024x683.jpg 1024w, https:\/\/venneravlife.no\/wp-content\/uploads\/2018\/12\/28939277_10215913818701174_1192848747_o-300x200.jpg 300w, https:\/\/venneravlife.no\/wp-content\/uploads\/2018\/12\/28939277_10215913818701174_1192848747_o-768x512.jpg 768w\" \/><div class=\"post-action btn btn-skin-dark-shaded inverted\"><a href=\"https:\/\/venneravlife.no\/wp-content\/uploads\/2018\/12\/28939277_10215913818701174_1192848747_o.jpg\" class=\"icn-expand\" data-lb-type=\"grouped-gallery\"><\/a><\/div>\r\n                        <\/div><\/figure>\r\n                  <\/div>\n\n","protected":false},"excerpt":{"rendered":"<p>F\u00f8rskolen v\u00e5r, Rex Nursery School gir l\u00e6ring til 300 barn i alderen 4-6 \u00e5r. Deretter st\u00f8tter vi barna \u00f8konomisk i ytterligere fire \u00e5r mens de g\u00e5r p\u00e5 en statlig barneskole (alle gambiske skoler tar skolepenger). Totalt bidrar vi til en god utdanning for 800 gambiske barn \u00e5rlig. LIFE st\u00e5r for Literate Instruction For Everyone, og [&hellip;]<\/p>\n","protected":false},"author":1,"featured_media":0,"parent":0,"menu_order":0,"comment_status":"closed","ping_status":"closed","template":"","meta":{"footnotes":""},"class_list":["post-119","page","type-page","status-publish","czr-hentry"],"_links":{"self":[{"href":"https:\/\/venneravlife.no\/index.php?rest_route=\/wp\/v2\/pages\/119","targetHints":{"allow":["GET"]}}],"collection":[{"href":"https:\/\/venneravlife.no\/index.php?rest_route=\/wp\/v2\/pages"}],"about":[{"href":"https:\/\/venneravlife.no\/index.php?rest_route=\/wp\/v2\/types\/page"}],"author":[{"embeddable":true,"href":"https:\/\/venneravlife.no\/index.php?rest_route=\/wp\/v2\/users\/1"}],"replies":[{"embeddable":true,"href":"https:\/\/venneravlife.no\/index.php?rest_route=%2Fwp%2Fv2%2Fcomments&post=119"}],"version-history":[{"count":18,"href":"https:\/\/venneravlife.no\/index.php?rest_route=\/wp\/v2\/pages\/119\/revisions"}],"predecessor-version":[{"id":1226,"href":"https:\/\/venneravlife.no\/index.php?rest_route=\/wp\/v2\/pages\/119\/revisions\/1226"}],"wp:attachment":[{"href":"https:\/\/venneravlife.no\/index.php?rest_route=%2Fwp%2Fv2%2Fmedia&parent=119"}],"curies":[{"name":"wp","href":"https:\/\/api.w.org\/{rel}","templated":true}]}}