{"id":13,"date":"2014-03-03T21:04:22","date_gmt":"2014-03-03T21:04:22","guid":{"rendered":"http:\/\/venneravlife.no\/?page_id=13"},"modified":"2024-03-21T07:14:39","modified_gmt":"2024-03-21T06:14:39","slug":"om-venner-av-life","status":"publish","type":"page","link":"https:\/\/venneravlife.no\/?page_id=13","title":{"rendered":"Om Venner av LIFE"},"content":{"rendered":"\n<p><a href=\"http:\/\/venneravlife.no\/wp-content\/uploads\/2018\/08\/D8432317-F94C-44CE-9AA5-657245FD5D40.jpeg\"><img loading=\"lazy\" decoding=\"async\" width=\"3888\" height=\"2592\" class=\"alignnone wp-image-896 size-full\" src=\"http:\/\/venneravlife.no\/wp-content\/uploads\/2018\/08\/D8432317-F94C-44CE-9AA5-657245FD5D40.jpeg\" alt=\"\" srcset=\"https:\/\/venneravlife.no\/wp-content\/uploads\/2018\/08\/D8432317-F94C-44CE-9AA5-657245FD5D40.jpeg 3888w, https:\/\/venneravlife.no\/wp-content\/uploads\/2018\/08\/D8432317-F94C-44CE-9AA5-657245FD5D40-300x200.jpeg 300w, https:\/\/venneravlife.no\/wp-content\/uploads\/2018\/08\/D8432317-F94C-44CE-9AA5-657245FD5D40-768x512.jpeg 768w, https:\/\/venneravlife.no\/wp-content\/uploads\/2018\/08\/D8432317-F94C-44CE-9AA5-657245FD5D40-1024x683.jpeg 1024w\" sizes=\"auto, (max-width: 3888px) 100vw, 3888px\" \/><\/a>Venner av LIFE er en norsk, frittst\u00e5ende, livssynsuavhengig organisasjon som siden 1986 har drevet en egen f\u00f8rskole i Fagikunda i Gambia. I tillegg st\u00f8tter vi undervisning, leksehjelp og uniformer til &laquo;v\u00e5re barn&raquo; de fire f\u00f8rste \u00e5rene i den offentlige Primary School. Totalt bidrar vi til en god utdanning for 800 gambiske barn \u00e5rlig. LIFE st\u00e5r for Literate Instruction For Everyone, og filosofien v\u00e5r er enkel: Vi vil l\u00e6re barn \u00e5 lese og skrive.<\/p>\n\n\n\n<p>Engelsk er det offisielle spr\u00e5ket i Gambia, men i dagliglivet snakkes det mange forskjellige stammespr\u00e5k. Ved \u00e5 starte engelskundervisning allerede p\u00e5 f\u00f8rskoleniv\u00e5 st\u00e5r barna bedre rustet til \u00e5 f\u00f8lge undervisningen i den offentlige skolen.<\/p>\n\n\n\n<h2 class=\"wp-block-heading\">Rex Nursery School<\/h2>\n\n\n\n<p>F\u00f8rskolen v\u00e5r, Rex Nursery School, gir l\u00e6ring til 300 barn i alderen 4-6 \u00e5r. I tillegg driver vi yrkesskole der ungdommer kan l\u00e6re s\u00f8m, husholdning, dyrking av gr\u00f8nnsaker, matematikk og engelsk.&nbsp;<\/p>\n\n\n\n<p>Foreningen eier fem skolebygninger, hvorav den ene har to utleieleiligheter i annen etasje. I tillegg til undervisning f\u00e5r store og sm\u00e5 barn et varmt m\u00e5ltid om dagen. P\u00e5 l\u00f8nningslisten har vi&nbsp; en rektor, en nestleder, en sekret\u00e6r, fjorten l\u00e6rere, en hjelpel\u00e6rer, tre kokker, to nattevakter, en sykepleier, en renholder og to vaktmestere &#8211; alle gambiere.<\/p>\n\n\n\n<p>Foreningen drives p\u00e5 fritiden av et norsk styre p\u00e5 seks personer herav en redaksjon med tre medlemmer som har ansvar for nettsiden, Instagram kontoen,  facebook-siden og nyhetsbrev. Vi har ingen utgifter til administrasjon med unntak av noe kontormateriell og porto.<\/p>\n\n\n\n<h2 class=\"wp-block-heading\">Hva g\u00e5r bidragene til?<\/h2>\n\n\n\n<p>Inntektene v\u00e5re baserer seg i hovedsak p\u00e5 faddere, og et fadderskap koster for tiden kr 1250,- per \u00e5r. Dette rekker til ett \u00e5rs skolegang for en elev, inkludert materiell, skoleuniform og ett varmt m\u00e5ltid om dagen. Elevene i Primary School st\u00f8ttes \u00f8konomisk der skolepengene og uniformen blir dekket av oss.<\/p>\n\n\n<div class=\"wp-block-image\">\n<figure class=\"alignright is-resized\"><a href=\"http:\/\/venneravlife.no\/wp-content\/uploads\/2018\/08\/67431BE5-B36E-4590-85E8-E10BDE6F9B50.jpeg\"><img loading=\"lazy\" decoding=\"async\" src=\"http:\/\/venneravlife.no\/wp-content\/uploads\/2018\/08\/67431BE5-B36E-4590-85E8-E10BDE6F9B50-1024x683.jpeg\" alt=\"\" class=\"wp-image-916\" width=\"550\" height=\"367\" srcset=\"https:\/\/venneravlife.no\/wp-content\/uploads\/2018\/08\/67431BE5-B36E-4590-85E8-E10BDE6F9B50-1024x683.jpeg 1024w, https:\/\/venneravlife.no\/wp-content\/uploads\/2018\/08\/67431BE5-B36E-4590-85E8-E10BDE6F9B50-300x200.jpeg 300w, https:\/\/venneravlife.no\/wp-content\/uploads\/2018\/08\/67431BE5-B36E-4590-85E8-E10BDE6F9B50-768x512.jpeg 768w\" sizes=\"auto, (max-width: 550px) 100vw, 550px\" \/><\/a><\/figure><\/div>\n\n\n<p>I tillegg nyter vi godt av gaver fra enkeltpersoner og bedrifter som gir et valgfritt engangsbel\u00f8p. Disse midlene \u00f8remerkes som regel til vedlikehold av skolebygninger, betaling av str\u00f8m og vannavgift.&nbsp; Vi er faktisk s\u00e5 heldige \u00e5 ha innlagt vann og str\u00f8m p\u00e5 skolen. Dette fikk vi for flere \u00e5r siden takket v\u00e6re en pengegave fra en enkeltperson.<\/p>\n\n\n\n<p>En av v\u00e5re stoltheter er det lille sykerommet som kom i stand etter en pengegave fra Erna og Knut Engs Barnefond. Her har vi ansatt en sykepleier i halv stilling. Hun behandler s\u00e5r og mindre skader, medisinerer ved malaria, hodepine og lignende samt informerer om hygiene. Hun vurderer ogs\u00e5 om noen av barna trenger sjekk p\u00e5 sykehus.<\/p>\n\n\n\n<p>Den \u00e5rlige regntiden farer hardt med bygningene og skoleplassen, s\u00e5 det er n\u00f8dvendig \u00e5 male bygningene hvert annet \u00e5r. Skoleomr\u00e5det er inn gjerdet av leirblokker, og disse t\u00e5ler heller ikke regntiden s\u00e5 altfor godt. Alle takene er skiftet, gulvene er flislagt, doene er nylig skiftet ut, og vi har f\u00e5tt lagt gressplen i en del av skoleg\u00e5rden. I tillegg fikk vi satt opp sv\u00e6rt etterlengtede lekeapparater i skoleg\u00e5rden i 2013. Det er stadig vedlikeholdsprosjekter p\u00e5 gang!<\/p>\n\n\n\n<p>Skulle det v\u00e6re interesse for \u00e5 st\u00f8tte v\u00e5rt skolearbeide i Gambia, kan et eventuelt bel\u00f8p &#8211; stort eller lite &#8211; settes inn p\u00e5 v\u00e5r konto 3000 31 44492. Venner av LIFE, Postboks 1,1805 Tomter, eller sendes via v\u00e5rt vippsnummer 63682.<\/p>\n\n\n\n<h3 class=\"wp-block-heading\">Kontakt styret<\/h3>\n\n\n\n<figure class=\"wp-block-table\"><table><tbody><tr><td>Styret:<\/td><td>Navn:<\/td><td>Mobil:<\/td><td>Epost:<\/td><\/tr><tr><td>Styreleder:<\/td><td>Lill Vedal, Kristiansand<\/td><td>905 00 024<\/td><td><a href=\"mailto:lill@venneravlife.no\">lill@venneravlife.no<\/a><\/td><\/tr><tr><td>Nestleder:<\/td><td>Venche Lindmo, Spydeberg<\/td><td>907 77 899<\/td><td><a href=\"mailto:venche.lindmo@live.no\">venche.lindmo@live.no<\/a><\/td><\/tr><tr><td>Styremedlem:<\/td><td>Turid Gullichsen, Ytre Enebakk<\/td><td>917 58 938<\/td><td><a href=\"mailto:turid@venneravlife.no\">turid@venneravlife.no<\/a><\/td><\/tr><tr><td>Styremedlem:<\/td><td>Ketil Moen, R\u00e6lingen<\/td><td>928 63 308<\/td><td><a href=\"mailto:k-spe@online.no\">k-spe@online.no<\/a><\/td><\/tr><tr><td>Sekret\u00e6r:<\/td><td>Bente Kj\u00e6rbu,Tomter<\/td><td><\/td><td><a href=\"ben_kj@hotmail.com\" data-type=\"URL\" data-id=\"ben_kj@hotmail.com\">ben_kj@hotmail.com<\/a><\/td><\/tr><tr><td>Varamedlem:<\/td><td>Kjersti Antonie Ulriksen, Oslo<\/td><td><\/td><td><a href=\"mailto:kjersti_antonie@hotmail.com\">kjersti_antonie@hotmail.com<\/a><\/td><\/tr><tr><td>Varamedlem:<\/td><td>Marius Rygge Tangnes,Oslo<\/td><td><\/td><td><\/td><\/tr><\/tbody><\/table><\/figure>\n\n\n\n<p><\/p>\n","protected":false},"excerpt":{"rendered":"<p>Venner av LIFE er en norsk, frittst\u00e5ende, livssynsuavhengig organisasjon som siden 1986 har drevet en egen f\u00f8rskole i Fagikunda i Gambia. I tillegg st\u00f8tter vi undervisning, leksehjelp og uniformer til &laquo;v\u00e5re barn&raquo; de fire f\u00f8rste \u00e5rene i den offentlige Primary School. Totalt bidrar vi til en god utdanning for 800 gambiske barn \u00e5rlig. LIFE st\u00e5r [&hellip;]<\/p>\n","protected":false},"author":1,"featured_media":1244,"parent":0,"menu_order":0,"comment_status":"closed","ping_status":"open","template":"","meta":{"footnotes":""},"class_list":["post-13","page","type-page","status-publish","has-post-thumbnail","czr-hentry"],"_links":{"self":[{"href":"https:\/\/venneravlife.no\/index.php?rest_route=\/wp\/v2\/pages\/13","targetHints":{"allow":["GET"]}}],"collection":[{"href":"https:\/\/venneravlife.no\/index.php?rest_route=\/wp\/v2\/pages"}],"about":[{"href":"https:\/\/venneravlife.no\/index.php?rest_route=\/wp\/v2\/types\/page"}],"author":[{"embeddable":true,"href":"https:\/\/venneravlife.no\/index.php?rest_route=\/wp\/v2\/users\/1"}],"replies":[{"embeddable":true,"href":"https:\/\/venneravlife.no\/index.php?rest_route=%2Fwp%2Fv2%2Fcomments&post=13"}],"version-history":[{"count":50,"href":"https:\/\/venneravlife.no\/index.php?rest_route=\/wp\/v2\/pages\/13\/revisions"}],"predecessor-version":[{"id":1358,"href":"https:\/\/venneravlife.no\/index.php?rest_route=\/wp\/v2\/pages\/13\/revisions\/1358"}],"wp:featuredmedia":[{"embeddable":true,"href":"https:\/\/venneravlife.no\/index.php?rest_route=\/wp\/v2\/media\/1244"}],"wp:attachment":[{"href":"https:\/\/venneravlife.no\/index.php?rest_route=%2Fwp%2Fv2%2Fmedia&parent=13"}],"curies":[{"name":"wp","href":"https:\/\/api.w.org\/{rel}","templated":true}]}}